
-1303 (base 5) to base 14
-107
-110 (base 2) to base 8
-6
-51 (base 9) to base 12
-3a
5 (base 15) to base 4
11
What is 22 (base 15) in base 7?
44
Convert 41 (base 10) to base 9.
45
21 (base 10) to base 12
19
Convert -4 (base 8) to base 9.
-4
Convert 3 (base 8) to base 11.
3
What is 1230 (base 4) in base 15?
73
Convert -72 (base 13) to base 15.
-63
What is 2 (base 10) in base 8?
2
Convert 0 (base 15) to base 11.
0
20 (base 15) to base 12
26
-3 (base 10) to base 5
-3
Convert 443 (base 5) to base 11.
102
-23 (base 10) to base 15
-18
What is -3 (base 7) in base 10?
-3
What is 0 (base 15) in base 16?
0
What is a (base 15) in base 2?
1010
-110010 (base 2) to base 14
-38
-2 (base 14) to base 16
-2
-119 (base 11) to base 9
-166
-1001001 (base 2) to base 11
-67
What is 171 (base 10) in base 15?
b6
Convert 28 (base 11) to base 10.
30
20 (base 4) to base 14
8
What is 4 (base 10) in base 11?
4
-77 (base 11) to base 7
-150
What is -c (base 15) in base 13?
-c
Convert -102 (base 6) to base 16.
-26
What is -4 (base 12) in base 15?
-4
Convert 2 (base 15) to base 8.
2
-111 (base 3) to base 14
-d
-4 (base 15) to base 3
-11
What is -101 (base 3) in base 15?
-a
-10b (base 15) to base 2
-11101100
What is -2 (base 9) in base 10?
-2
What is -1 (base 14) in base 11?
-1
-10 (base 3) to base 12
-3
Convert 21100 (base 3) to base 16.
c6
-3 (base 8) to base 15
-3
-a0 (base 13) to base 5
-1010
What is -1 (base 8) in base 9?
-1
191 (base 10) to base 16
bf
What is -200 (base 9) in base 13?
-c6
Convert 67 (base 14) to base 5.
331
What is -4 (base 14) in base 11?
-4
-66 (base 10) to base 13
-51
Convert 6 (base 9) to base 7.
6
-11001 (base 2) to base 9
-27
0 (base 4) to base 9
0
162 (base 7) to base 8
135
Convert 17 (base 13) to base 11.
19
32 (base 4) to base 10
14
-1 (base 3) to base 4
-1
-2 (base 12) to base 16
-2
What is -3 (base 14) in base 6?
-3
What is 1 (base 10) in base 15?
1
48 (base 14) to base 10
64
0 (base 15) to base 14
0
9b (base 15) to base 11
123
What is 78 (base 9) in base 10?
71
Convert 20 (base 4) to base 12.
8
4 (base 12) to base 6
4
Convert 101 (base 3) to base 10.
10
What is -175 (base 10) in base 7?
-340
341 (base 5) to base 8
140
Convert a (base 12) to base 11.
a
Convert -1 (base 6) to base 7.
-1
What is 101100 (base 2) in base 4?
230
What is -d (base 14) in base 2?
-1101
Convert 1113 (base 4) to base 16.
57
Convert 107 (base 9) to base 4.
1120
9 (base 15) to base 5
14
Convert -11201 (base 3) to base 16.
-7f
-6 (base 15) to base 5
-11
-a (base 12) to base 7
-13
Convert -33 (base 11) to base 3.
-1100
-14 (base 10) to base 9
-15
Convert 14 (base 10) to base 14.
10
4b (base 15) to base 2
1000111
-17 (base 15) to base 7
-31
What is -55 (base 8) in base 12?
-39
Convert 31 (base 10) to base 16.
1f
What is 1 (base 6) in base 11?
1
What is -6 (base 9) in base 11?
-6
25 (base 15) to base 11
32
Convert -314 (base 5) to base 2.
-1010100
What is 10 (base 2) in base 14?
2
9 (base 12) to base 9
10
Convert -7 (base 9) to base 7.
-10
-20 (base 3) to base 2
-110
-3 (base 10) to base 5
-3
Convert 11 (base 10) to base 15.
b
What is 11 (base 5) in base 13?
6
14 (base 16) to base 4
110
What is -2 (base 9) in base 8?
-2
-116 (base 9) to base 13
-75
What is -1201 (base 3) in base 14?
-34
What is 17 (base 11) in base 2?
10010
-16 (base 11) to base 15
-12
-101101 (base 2) to base 6
-113
-2 (base 5) to base 7
-2
Convert -5 (base 6) to base 15.
-5
What is -2 (base 5) in base 12?
-2
-2 (base 3) to base 8
-2
Convert 64 (base 8) to base 16.
34
What is 105 (base 13) in base 9?
213
Convert -61 (base 7) to base 15.
-2d
What is -3 (base 12) in base 16?
-3
What is 4 (base 15) in base 11?
4
Convert 0 (base 10) to base 3.
0
What is 1 (base 10) in base 2?
1
What is 11011 (base 3) in base 12?
94
-11100 (base 2) to base 10
-28
What is -46 (base 7) in base 12?
-2a
-33 (base 6) to base 3
-210
Convert -3 (base 10) to base 2.
-11
What is -1 (base 10) in base 3?
-1
Convert -5 (base 12) to base 3.
-12
-24 (base 11) to base 15
-1b
What is 4 (base 13) in base 2?
100
What is -4 (base 15) in base 14?
-4
Convert 1011001 (base 2) to base 13.
6b
What is -46 (base 11) in base 5?
-200
What is -110 (base 3) in base 13?
-c
Convert -1 (base 3) to base 2.
-1
What is -3 (base 15) in base 12?
-3
-91 (base 15) to base 12
-b4
e6 (base 15) to base 7
426
Convert -17 (base 8) to base 5.
-30
What is 1011 (base 6) in base 5?
1343
28 (base 9) to base 12
22
Convert -11 (base 11) to base 16.
-c
Convert 2 (base 6) to base 7.
2
What is 22 (base 8) in base 13?
15
-12 (base 5) to base 4
-13
6 (base 8) to base 9
6
Convert -1 (base 15) to base 4.
-1
Convert 117 (base 9) to base 10.
97
Convert 10 (base 8) to base 14.
8
Convert 8 (base 16) to base 3.
22
Convert -4 (base 7) to base 3.
-11
Convert -2 (base 12) to base 5.
-2
Convert -a (base 12) to base 4.
-22
Convert 124 (base 6) to base 2.
110100
Convert 0 (base 13) to base 7.
0
What is 14 (base 10) in base 4?
32
What is -3 (base 12) in base 4?
-3
Convert -2 (base 13) to base 15.
-2
What is 3 (base 4) in base 6?
3
-10 (base 5) to base 12
-5
What is 243 (base 9) in base 2?
11001001
0 (base 15) to base 12
0
Convert 1a (base 11) to base 12.
19
Convert 2 (base 5) to base 3.
2
Convert 8 (base 10) to base 9.
8
What is -4 (base 6) in base 11?
-4
What is -2 (base 5) in base 12?
-2
Convert -14 (base 5) to base 11.
-9
What is -123 (base 7) in base 11?
-60
What is -13 (base 5) in base 16?
-8
Convert -42 (base 5) to base 10.
-22
What is 1000 (base 2) in base 10?
8
Convert -11010 (base 2) to base 13.
-20
Convert 101 (base 4) to base 10.
17
-35 (base 8) to base 5
-104
Convert 2 (base 10) to base 16.
2
Convert 30 (base 9) to base 11.
25
20 (base 11) to base 5
42
Convert 109 (base 11) to base 14.
94
-44 (base 5) to base 15
-19
What is -101111 (base 2) in base 7?
-65
Convert -1110010 (base 2) to base 16.
-72
Convert -6 (base 7) to base 12.
-6
What is 2 (base 6) in base 12?
2
Convert 0 (base 11) to base 4.
0
-89 (base 13) to base 5
-423
2 (base 16) to base 8
2
Convert -506 (base 7) to base 12.
-18b
Convert -17 (base 8) to base 3.
-120
7 (base 12) to base 14
7
What is 0 (base 10) in base 12?
0
What is -22 (base 4) in base 5?
-20
What is -1 (base 7) in base 5?
-1
Convert 4 (base 11) to base 16.
4
-21 (base 10) to base 3
-210
What is -7 (base 14) in base 13?
-7
-2 (base 6) to base 2
-10
-5 (base 7) to base 10
-5
-81 (base 9) to base 16
-49
What is -1 (base 8) in base 12?
-1
-b (base 16) to base 11
-10
-144 (base 6) to base 3
-2101
What is 2 (base 4) in base 13?
2
What is 33 (base 15) in base 2?
110000
-3 (base 16) to base 4
-3
-20 (base 10) to base 15
-15
What is 0 (base 2) in base 6?
0
What is -2 (base 13) in base 10?
-2
Convert -6 (base 16) to base 8.
-6
What is -b6 (base 12) in base 7?
-255
What is 7 (base 16) in base 12?
7
What is 40 (base 8) in base 6?
52
0 (base 14) to base 11
0
What is -20 (base 3) in base 9?
-6
2402 (base 5) to base 11
2a0
What is 25 (base 10) in base 11?
23
What is -10 (base 6) in base 4?
-12
What is -1 (base 15) in base 14?
-1
Convert -a (base 11) to base 10.
-10
What is 2 (base 7) in base 12?
2
-3 (base 6) to base 15
-3
What is -e (base 16) in base 8?
-16
-2d (base 16) to base 13
-36
Convert 11 (base 2) to base 5.
3
What is 8 (base 12) in base 11?
8
Convert 12 (base 3) to base 13.
5
14 (base 5) to base 12
9
Convert 3 (base 5) to base 11.
3
Convert 110001 (base 2) to base 6.
121
-23 (base 15) to base 8
-41
101 (base 2) to base 3
12
What is -3 (base 11) in base 5?
-3
What is 101 (base 5) in base 10?
26
-21 (base 3) to base 7
-10
Convert 111 (base 2) to base 10.
7
What is 1000 (base 2) in base 5?
13
Convert 111 (base 6) to base 7.
61
What is 10 (base 5) in base 3?
12
4 (base 5) to base 16
4
What is 41 (base 13) in base 7?
104
What is 11010 (base 2) in base 9?
28
Convert 0 (base 5) to base 13.
0
Convert -17 (base 8) to base 6.
-23
Convert 5 (base 15) to base 3.
12
202 (base 3) to base 7
26
What is -7 (base 9) in base 15?
-7
What is -11 (base 4) in base 12?
-5
What is 143 (base 5) in base 6?
120
-122 (base 3) to base 10
-17
0 (base 8) to base 12
0
10100 (base 4) to base 13
17c
-21 (base 7) to base 10
-15
Convert 3 (base 14) to base 10.
3
Convert 4 (base 5) to base 10.
4
What is -21 (base 3) in base 14?
-7
9 (base 16) to base 8
11
Convert 110 (base 2) to base 16.
6
What is -4